{"id":138,"date":"2026-01-06T13:02:36","date_gmt":"2026-01-06T12:02:36","guid":{"rendered":"https:\/\/malagafoodguide.com\/wordpress\/?page_id=138"},"modified":"2026-03-26T16:26:02","modified_gmt":"2026-03-26T15:26:02","slug":"about-us-2026","status":"publish","type":"page","link":"https:\/\/themalagafoodguide.com\/index.php\/about-us-2026\/","title":{"rendered":"About Us 2026"},"content":{"rendered":"\t\t<div data-elementor-type=\"wp-page\" data-elementor-id=\"138\" class=\"elementor elementor-138\">\n\t\t\t\t\t\t<section class=\"elementor-section elementor-top-section elementor-element elementor-element-597468c elementor-section-boxed elementor-section-height-default elementor-section-height-default\" data-id=\"597468c\" data-element_type=\"section\" data-e-type=\"section\">\n\t\t\t\t\t\t<div class=\"elementor-container elementor-column-gap-default\">\n\t\t\t\t\t<div class=\"elementor-column elementor-col-100 elementor-top-column elementor-element elementor-element-82ece37\" data-id=\"82ece37\" data-element_type=\"column\" data-e-type=\"column\">\n\t\t\t<div class=\"elementor-widget-wrap elementor-element-populated\">\n\t\t\t\t\t\t<div class=\"elementor-element elementor-element-77139e2 elementor-widget elementor-widget-image\" data-id=\"77139e2\" data-element_type=\"widget\" data-e-type=\"widget\" data-widget_type=\"image.default\">\n\t\t\t\t<div class=\"elementor-widget-container\">\n\t\t\t\t\t\t\t\t\t\t\t\t\t\t\t<img loading=\"lazy\" width=\"300\" height=\"103\" src=\"https:\/\/themalagafoodguide.com\/wp-content\/uploads\/2024\/01\/cropped-MFG3.png\" class=\"attachment-medium size-medium wp-image-3309\" alt=\"cropped-MFG3.png\" loading=\"lazy\" decoding=\"async\" \/>\t\t\t\t\t\t\t\t\t\t\t\t\t\t\t<\/div>\n\t\t\t\t<\/div>\n\t\t\t\t<div class=\"elementor-element elementor-element-1e0ee53 elementor-widget elementor-widget-text-editor\" data-id=\"1e0ee53\" data-element_type=\"widget\" data-e-type=\"widget\" data-widget_type=\"text-editor.default\">\n\t\t\t\t<div class=\"elementor-widget-container\">\n\t\t\t\t\t\t\t\t\t<p><b style=\"padding: 0px; border: 0px; outline: 0px; vertical-align: baseline; background-image: initial; background-position: 0px center; background-size: initial; background-repeat: initial; background-attachment: initial; background-origin: initial; background-clip: initial; color: #1f1f1f; font-family: 'Open Sans', Arial, sans-serif; font-size: 15px;\">About the The M\u00e1laga Food Guide<\/b><\/p>\t\t\t\t\t\t\t\t<\/div>\n\t\t\t\t<\/div>\n\t\t\t\t\t<\/div>\n\t\t<\/div>\n\t\t\t\t\t<\/div>\n\t\t<\/section>\n\t\t\t\t<section class=\"elementor-section elementor-top-section elementor-element elementor-element-3538747 elementor-section-boxed elementor-section-height-default elementor-section-height-default\" data-id=\"3538747\" data-element_type=\"section\" data-e-type=\"section\">\n\t\t\t\t\t\t<div class=\"elementor-container elementor-column-gap-default\">\n\t\t\t\t\t<div class=\"elementor-column elementor-col-100 elementor-top-column elementor-element elementor-element-f430083\" data-id=\"f430083\" data-element_type=\"column\" data-e-type=\"column\">\n\t\t\t<div class=\"elementor-widget-wrap elementor-element-populated\">\n\t\t\t\t\t\t<div class=\"elementor-element elementor-element-168a180 elementor-widget elementor-widget-text-editor\" data-id=\"168a180\" data-element_type=\"widget\" data-e-type=\"widget\" data-widget_type=\"text-editor.default\">\n\t\t\t\t<div class=\"elementor-widget-container\">\n\t\t\t\t\t\t\t\t\t<p><span style=\"color: #1f1f1f; font-family: 'Open Sans', Arial, sans-serif; font-size: 15px;\">Launched in 2014, now in our ninth successful year, The M\u00e1laga Food Guide is t<\/span><span style=\"padding: 0px; border: 0px; outline: 0px; vertical-align: baseline; background-image: initial; background-position: 0px center; background-size: initial; background-repeat: initial; background-attachment: initial; background-origin: initial; background-clip: initial; font-family: 'Open Sans', Arial, sans-serif; font-size: 15px; color: white;\"><span style=\"padding: 0px; border: 0px; outline: 0px; vertical-align: baseline; background: 0px center; color: black;\">he Leading Gourmet&#8217;s Guide celebrating the vibrant and eclectic food scene in M\u00e1laga Province, quantified by our market positioning, registered users and our collective social media network.<\/span><\/span><\/p>\t\t\t\t\t\t\t\t<\/div>\n\t\t\t\t<\/div>\n\t\t\t\t\t<\/div>\n\t\t<\/div>\n\t\t\t\t\t<\/div>\n\t\t<\/section>\n\t\t\t\t<section class=\"elementor-section elementor-top-section elementor-element elementor-element-2b206dc elementor-section-boxed elementor-section-height-default elementor-section-height-default\" data-id=\"2b206dc\" data-element_type=\"section\" data-e-type=\"section\">\n\t\t\t\t\t\t<div class=\"elementor-container elementor-column-gap-default\">\n\t\t\t\t\t<div class=\"elementor-column elementor-col-100 elementor-top-column elementor-element elementor-element-1a3deed\" data-id=\"1a3deed\" data-element_type=\"column\" data-e-type=\"column\">\n\t\t\t<div class=\"elementor-widget-wrap elementor-element-populated\">\n\t\t\t\t\t\t<div class=\"elementor-element elementor-element-8c662da elementor-widget elementor-widget-text-editor\" data-id=\"8c662da\" data-element_type=\"widget\" data-e-type=\"widget\" data-widget_type=\"text-editor.default\">\n\t\t\t\t<div class=\"elementor-widget-container\">\n\t\t\t\t\t\t\t\t\t<div style=\"padding: 0px; border: 0px; outline: 0px; vertical-align: baseline; background-image: initial; background-position: 0px center; background-size: initial; background-repeat: initial; background-attachment: initial; background-origin: initial; background-clip: initial; color: #1f1f1f; font-family: 'Open Sans', Arial, sans-serif; font-size: 15px;\"><span style=\"padding: 0px; border: 0px; outline: 0px; vertical-align: baseline; background: 0px center; font-family: inherit;\">\u2022 We are\u00a0<a style=\"padding: 0px; border: 0px; outline: 0px; vertical-align: baseline; background-image: initial; background-position: 0px center; background-size: initial; background-repeat: initial; background-attachment: initial; background-origin: initial; background-clip: initial; color: #ff3c10; transition: color 0.3s ease 0s;\" href=\"https:\/\/www.google.com\/search?q=malaga+food+news&amp;oq=&amp;aqs=chrome.0.35i39i362l8.140633329j0j15&amp;sourceid=chrome&amp;ie=UTF-8\">Google<\/a>\u00a0&amp;\u00a0<a style=\"padding: 0px; border: 0px; outline: 0px; vertical-align: baseline; background-image: initial; background-position: 0px center; background-size: initial; background-repeat: initial; background-attachment: initial; background-origin: initial; background-clip: initial; color: #ff3c10; transition: color 0.3s ease 0s;\" href=\"https:\/\/www.bing.com\/search?q=malaga+food+news&amp;form=QBLH&amp;sp=-1&amp;ghc=1&amp;lq=0&amp;pq=malaga+food+news&amp;sc=9-16&amp;qs=n&amp;sk=&amp;cvid=DB50C1D598EF44CDA8994B2B8AFBAED8&amp;ghsh=0&amp;ghacc=0&amp;ghpl=\" target=\"_blank\" rel=\"noopener\">Bing<\/a> ranked Number 1 for The Malaga Food Guide again for the 12th year<\/span><\/div><div style=\"padding: 0px; border: 0px; outline: 0px; vertical-align: baseline; background-image: initial; background-position: 0px center; background-size: initial; background-repeat: initial; background-attachment: initial; background-origin: initial; background-clip: initial; color: #1f1f1f; font-family: 'Open Sans', Arial, sans-serif; font-size: 15px;\"><span style=\"padding: 0px; border: 0px; outline: 0px; vertical-align: baseline; background: 0px center; font-family: inherit;\">\u2022 We get in excess of 70,000 visitors to our website every month<\/span><\/div><div style=\"padding: 0px; border: 0px; outline: 0px; vertical-align: baseline; background-image: initial; background-position: 0px center; background-size: initial; background-repeat: initial; background-attachment: initial; background-origin: initial; background-clip: initial; color: #1f1f1f; font-family: 'Open Sans', Arial, sans-serif; font-size: 15px;\"><span style=\"padding: 0px; border: 0px; outline: 0px; vertical-align: baseline; background: 0px center; font-family: inherit;\">\u2022 We have over 38,000 subscribers from the UK, Scandinavia, Spain, Germany &amp; France<\/span><\/div><div style=\"padding: 0px; border: 0px; outline: 0px; vertical-align: baseline; background-image: initial; background-position: 0px center; background-size: initial; background-repeat: initial; background-attachment: initial; background-origin: initial; background-clip: initial; color: #1f1f1f; font-family: 'Open Sans', Arial, sans-serif; font-size: 15px;\"><span style=\"padding: 0px; border: 0px; outline: 0px; vertical-align: baseline; background: 0px center; font-family: inherit;\">\u2022 We have over 8,500 followers\/likes across our Twitter, Facebook &amp; Instagram pages<\/span><\/div>\t\t\t\t\t\t\t\t<\/div>\n\t\t\t\t<\/div>\n\t\t\t\t\t<\/div>\n\t\t<\/div>\n\t\t\t\t\t<\/div>\n\t\t<\/section>\n\t\t\t\t<section class=\"elementor-section elementor-top-section elementor-element elementor-element-72b3678 elementor-section-boxed elementor-section-height-default elementor-section-height-default\" data-id=\"72b3678\" data-element_type=\"section\" data-e-type=\"section\">\n\t\t\t\t\t\t<div class=\"elementor-container elementor-column-gap-default\">\n\t\t\t\t\t<div class=\"elementor-column elementor-col-100 elementor-top-column elementor-element elementor-element-900e9e1\" data-id=\"900e9e1\" data-element_type=\"column\" data-e-type=\"column\">\n\t\t\t<div class=\"elementor-widget-wrap elementor-element-populated\">\n\t\t\t\t\t\t<div class=\"elementor-element elementor-element-abc4b5e elementor-widget elementor-widget-text-editor\" data-id=\"abc4b5e\" data-element_type=\"widget\" data-e-type=\"widget\" data-widget_type=\"text-editor.default\">\n\t\t\t\t<div class=\"elementor-widget-container\">\n\t\t\t\t\t\t\t\t\t<p><span style=\"color: #1f1f1f; font-family: 'Open Sans', Arial, sans-serif; font-size: 15px;\">Nobody else in this space can get anywhere near those metrics.<\/span><\/p>\t\t\t\t\t\t\t\t<\/div>\n\t\t\t\t<\/div>\n\t\t\t\t\t<\/div>\n\t\t<\/div>\n\t\t\t\t\t<\/div>\n\t\t<\/section>\n\t\t\t\t<section class=\"elementor-section elementor-top-section elementor-element elementor-element-869c2f8 elementor-section-boxed elementor-section-height-default elementor-section-height-default\" data-id=\"869c2f8\" data-element_type=\"section\" data-e-type=\"section\">\n\t\t\t\t\t\t<div class=\"elementor-container elementor-column-gap-default\">\n\t\t\t\t\t<div class=\"elementor-column elementor-col-100 elementor-top-column elementor-element elementor-element-edf203a\" data-id=\"edf203a\" data-element_type=\"column\" data-e-type=\"column\">\n\t\t\t<div class=\"elementor-widget-wrap elementor-element-populated\">\n\t\t\t\t\t\t<div class=\"elementor-element elementor-element-8888fd8 elementor-widget elementor-widget-text-editor\" data-id=\"8888fd8\" data-element_type=\"widget\" data-e-type=\"widget\" data-widget_type=\"text-editor.default\">\n\t\t\t\t<div class=\"elementor-widget-container\">\n\t\t\t\t\t\t\t\t\t<p><span style=\"color: #000000; font-family: 'Open Sans', Arial, sans-serif; font-size: 15px;\">Published in Spain by <a href=\"https:\/\/iainfraser.net\/\">IfOnlyCommunications<\/a><\/span><span style=\"color: #000000; font-family: 'Open Sans', Arial, sans-serif; font-size: 15px;\">\u00a0the M\u00e1laga Food Guide is written and produced by a highly experienced team of Food Journalists, Restaurant Critics and Guest Bloggers we deliver Daily regional Food and Drink News, current Restaurant Reviews &amp; Recommendations, including Fine Dining Establishments, Gastrobars and Great Tapas Venues, Food Events &amp; Tours and our featured guest Chef&#8217;s Seasonal Recipes.<\/span><\/p>\t\t\t\t\t\t\t\t<\/div>\n\t\t\t\t<\/div>\n\t\t\t\t\t<\/div>\n\t\t<\/div>\n\t\t\t\t\t<\/div>\n\t\t<\/section>\n\t\t\t\t<section class=\"elementor-section elementor-top-section elementor-element elementor-element-d1184f0 elementor-section-boxed elementor-section-height-default elementor-section-height-default\" data-id=\"d1184f0\" data-element_type=\"section\" data-e-type=\"section\">\n\t\t\t\t\t\t<div class=\"elementor-container elementor-column-gap-default\">\n\t\t\t\t\t<div class=\"elementor-column elementor-col-100 elementor-top-column elementor-element elementor-element-0e09a0a\" data-id=\"0e09a0a\" data-element_type=\"column\" data-e-type=\"column\">\n\t\t\t<div class=\"elementor-widget-wrap elementor-element-populated\">\n\t\t\t\t\t\t<div class=\"elementor-element elementor-element-bc6b2ea elementor-widget elementor-widget-text-editor\" data-id=\"bc6b2ea\" data-element_type=\"widget\" data-e-type=\"widget\" data-widget_type=\"text-editor.default\">\n\t\t\t\t<div class=\"elementor-widget-container\">\n\t\t\t\t\t\t\t\t\t<p><span style=\"color: #1f1f1f; font-family: 'Open Sans', Arial, sans-serif; font-size: 15px;\">Use of this Platform is deemed acceptance that all imaging, content and associated material is protected by International Copyright and where asserted is a Registered Trademark of its respective owner. Accordingly all online content is electronically protected to prevent plagiarism and copyright theft. All Rights Reserved &#8211;\u00a0<\/span><b style=\"padding: 0px; border: 0px; outline: 0px; vertical-align: baseline; background-image: initial; background-position: 0px center; background-size: initial; background-repeat: initial; background-attachment: initial; background-origin: initial; background-clip: initial; color: #1f1f1f; font-family: 'Open Sans', Arial, sans-serif; font-size: 15px;\">Do NOT Copy!<\/b><\/p>\t\t\t\t\t\t\t\t<\/div>\n\t\t\t\t<\/div>\n\t\t\t\t\t<\/div>\n\t\t<\/div>\n\t\t\t\t\t<\/div>\n\t\t<\/section>\n\t\t\t\t<section class=\"elementor-section elementor-top-section elementor-element elementor-element-eb33de1 elementor-section-boxed elementor-section-height-default elementor-section-height-default\" data-id=\"eb33de1\" data-element_type=\"section\" data-e-type=\"section\">\n\t\t\t\t\t\t<div class=\"elementor-container elementor-column-gap-default\">\n\t\t\t\t\t<div class=\"elementor-column elementor-col-100 elementor-top-column elementor-element elementor-element-ca50a31\" data-id=\"ca50a31\" data-element_type=\"column\" data-e-type=\"column\">\n\t\t\t<div class=\"elementor-widget-wrap elementor-element-populated\">\n\t\t\t\t\t\t<div class=\"elementor-element elementor-element-5dc64b2 elementor-widget elementor-widget-text-editor\" data-id=\"5dc64b2\" data-element_type=\"widget\" data-e-type=\"widget\" data-widget_type=\"text-editor.default\">\n\t\t\t\t<div class=\"elementor-widget-container\">\n\t\t\t\t\t\t\t\t\t<p><span style=\"color: #1f1f1f; font-family: 'Open Sans', Arial, sans-serif; font-size: 15px;\">*NB: The terms &#8220;Malaga Food Guide\u2122&#8221;, &#8220;The Malaga Food Guide\u2122&#8221;, &#8220;Malaga Food Guides\u2122&#8221; and &#8220;Comida Malaga&#8221; are registered trademarks of\u00a0 <strong><a href=\"https:\/\/iainfraser.net\/\">IfOnlyCommunications<\/a><\/strong><\/span><\/p>\t\t\t\t\t\t\t\t<\/div>\n\t\t\t\t<\/div>\n\t\t\t\t\t<\/div>\n\t\t<\/div>\n\t\t\t\t\t<\/div>\n\t\t<\/section>\n\t\t\t\t<\/div>\n\t\t","protected":false},"excerpt":{"rendered":"<p>About the The M\u00e1laga Food Guide Launched in 2014, now<\/p>\n","protected":false},"author":1,"featured_media":0,"parent":0,"menu_order":0,"comment_status":"closed","ping_status":"closed","template":"","meta":{"cybocfi_hide_featured_image":"","footnotes":""},"class_list":["post-138","page","type-page","status-publish","hentry"],"yoast_head":"<!-- This site is optimized with the Yoast SEO plugin v27.5 - https:\/\/yoast.com\/product\/yoast-seo-wordpress\/ -->\n<title>About Us 2026 - themalagafoodguide.com<\/title>\n<meta name=\"description\" content=\"The M\u00e1laga Food Guide - First for M\u00e1laga Food &amp; Lifestyle News. Launched in 2014 The M\u00e1laga Food Guide continues to be the Leading Gourmet&#039;s Guide celebrating the vibrant and eclectic food &amp; lifestyle scene in M\u00e1laga Province.\" \/>\n<meta name=\"robots\" content=\"index, follow, max-snippet:-1, max-image-preview:large, max-video-preview:-1\" \/>\n<link rel=\"canonical\" href=\"https:\/\/themalagafoodguide.com\/index.php\/about-us-2026\/\" \/>\n<meta property=\"og:locale\" content=\"en_GB\" \/>\n<meta property=\"og:type\" content=\"article\" \/>\n<meta property=\"og:title\" content=\"About Us 2026 - themalagafoodguide.com\" \/>\n<meta property=\"og:description\" content=\"The M\u00e1laga Food Guide - First for M\u00e1laga Food &amp; Lifestyle News. Launched in 2014 The M\u00e1laga Food Guide continues to be the Leading Gourmet&#039;s Guide celebrating the vibrant and eclectic food &amp; lifestyle scene in M\u00e1laga Province.\" \/>\n<meta property=\"og:url\" content=\"https:\/\/themalagafoodguide.com\/index.php\/about-us-2026\/\" \/>\n<meta property=\"og:site_name\" content=\"themalagafoodguide.com\" \/>\n<meta property=\"article:publisher\" content=\"https:\/\/www.facebook.com\/MalagaFoodGuide\" \/>\n<meta property=\"article:modified_time\" content=\"2026-03-26T15:26:02+00:00\" \/>\n<meta property=\"og:image\" content=\"https:\/\/themalagafoodguide.com\/wp-content\/uploads\/2024\/01\/cropped-MFG3.png\" \/>\n\t<meta property=\"og:image:width\" content=\"300\" \/>\n\t<meta property=\"og:image:height\" content=\"103\" \/>\n\t<meta property=\"og:image:type\" content=\"image\/png\" \/>\n<meta name=\"twitter:card\" content=\"summary_large_image\" \/>\n<meta name=\"twitter:site\" content=\"@malagafoodguide\" \/>\n<meta name=\"twitter:label1\" content=\"Estimated reading time\" \/>\n\t<meta name=\"twitter:data1\" content=\"2 minutes\" \/>\n<script type=\"application\/ld+json\" class=\"yoast-schema-graph\">{\"@context\":\"https:\\\/\\\/schema.org\",\"@graph\":[{\"@type\":\"WebPage\",\"@id\":\"https:\\\/\\\/themalagafoodguide.com\\\/index.php\\\/about-us-2026\\\/\",\"url\":\"https:\\\/\\\/themalagafoodguide.com\\\/index.php\\\/about-us-2026\\\/\",\"name\":\"About Us 2026 - themalagafoodguide.com\",\"isPartOf\":{\"@id\":\"https:\\\/\\\/themalagafoodguide.com\\\/#website\"},\"primaryImageOfPage\":{\"@id\":\"https:\\\/\\\/themalagafoodguide.com\\\/index.php\\\/about-us-2026\\\/#primaryimage\"},\"image\":{\"@id\":\"https:\\\/\\\/themalagafoodguide.com\\\/index.php\\\/about-us-2026\\\/#primaryimage\"},\"thumbnailUrl\":\"https:\\\/\\\/themalagafoodguide.com\\\/wp-content\\\/uploads\\\/2024\\\/01\\\/cropped-MFG3.png\",\"datePublished\":\"2026-01-06T12:02:36+00:00\",\"dateModified\":\"2026-03-26T15:26:02+00:00\",\"description\":\"The M\u00e1laga Food Guide - First for M\u00e1laga Food & Lifestyle News. Launched in 2014 The M\u00e1laga Food Guide continues to be the Leading Gourmet's Guide celebrating the vibrant and eclectic food & lifestyle scene in M\u00e1laga Province.\",\"breadcrumb\":{\"@id\":\"https:\\\/\\\/themalagafoodguide.com\\\/index.php\\\/about-us-2026\\\/#breadcrumb\"},\"inLanguage\":\"en-GB\",\"potentialAction\":[{\"@type\":\"ReadAction\",\"target\":[\"https:\\\/\\\/themalagafoodguide.com\\\/index.php\\\/about-us-2026\\\/\"]}]},{\"@type\":\"ImageObject\",\"inLanguage\":\"en-GB\",\"@id\":\"https:\\\/\\\/themalagafoodguide.com\\\/index.php\\\/about-us-2026\\\/#primaryimage\",\"url\":\"https:\\\/\\\/themalagafoodguide.com\\\/wp-content\\\/uploads\\\/2024\\\/01\\\/cropped-MFG3.png\",\"contentUrl\":\"https:\\\/\\\/themalagafoodguide.com\\\/wp-content\\\/uploads\\\/2024\\\/01\\\/cropped-MFG3.png\",\"width\":300,\"height\":103},{\"@type\":\"BreadcrumbList\",\"@id\":\"https:\\\/\\\/themalagafoodguide.com\\\/index.php\\\/about-us-2026\\\/#breadcrumb\",\"itemListElement\":[{\"@type\":\"ListItem\",\"position\":1,\"name\":\"Home\",\"item\":\"https:\\\/\\\/themalagafoodguide.com\\\/\"},{\"@type\":\"ListItem\",\"position\":2,\"name\":\"About Us 2026\"}]},{\"@type\":\"WebSite\",\"@id\":\"https:\\\/\\\/themalagafoodguide.com\\\/#website\",\"url\":\"https:\\\/\\\/themalagafoodguide.com\\\/\",\"name\":\"themalagafoodguide.com\",\"description\":\"First for M\u00e1laga Food News ...\",\"publisher\":{\"@id\":\"https:\\\/\\\/themalagafoodguide.com\\\/#organization\"},\"potentialAction\":[{\"@type\":\"SearchAction\",\"target\":{\"@type\":\"EntryPoint\",\"urlTemplate\":\"https:\\\/\\\/themalagafoodguide.com\\\/?s={search_term_string}\"},\"query-input\":{\"@type\":\"PropertyValueSpecification\",\"valueRequired\":true,\"valueName\":\"search_term_string\"}}],\"inLanguage\":\"en-GB\"},{\"@type\":\"Organization\",\"@id\":\"https:\\\/\\\/themalagafoodguide.com\\\/#organization\",\"name\":\"Argus IIS\",\"alternateName\":\"iXlabs\",\"url\":\"https:\\\/\\\/themalagafoodguide.com\\\/\",\"logo\":{\"@type\":\"ImageObject\",\"inLanguage\":\"en-GB\",\"@id\":\"https:\\\/\\\/themalagafoodguide.com\\\/#\\\/schema\\\/logo\\\/image\\\/\",\"url\":\"https:\\\/\\\/themalagafoodguide.com\\\/wp-content\\\/uploads\\\/2023\\\/10\\\/MFG_Favicon_Blue.png\",\"contentUrl\":\"https:\\\/\\\/themalagafoodguide.com\\\/wp-content\\\/uploads\\\/2023\\\/10\\\/MFG_Favicon_Blue.png\",\"width\":225,\"height\":225,\"caption\":\"Argus IIS\"},\"image\":{\"@id\":\"https:\\\/\\\/themalagafoodguide.com\\\/#\\\/schema\\\/logo\\\/image\\\/\"},\"sameAs\":[\"https:\\\/\\\/www.facebook.com\\\/MalagaFoodGuide\",\"https:\\\/\\\/x.com\\\/malagafoodguide\",\"https:\\\/\\\/www.instagram.com\\\/malagafoodguide2023\\\/\"]}]}<\/script>\n<!-- \/ Yoast SEO plugin. -->","yoast_head_json":{"title":"About Us 2026 - themalagafoodguide.com","description":"The M\u00e1laga Food Guide - First for M\u00e1laga Food & Lifestyle News. Launched in 2014 The M\u00e1laga Food Guide continues to be the Leading Gourmet's Guide celebrating the vibrant and eclectic food & lifestyle scene in M\u00e1laga Province.","robots":{"index":"index","follow":"follow","max-snippet":"max-snippet:-1","max-image-preview":"max-image-preview:large","max-video-preview":"max-video-preview:-1"},"canonical":"https:\/\/themalagafoodguide.com\/index.php\/about-us-2026\/","og_locale":"en_GB","og_type":"article","og_title":"About Us 2026 - themalagafoodguide.com","og_description":"The M\u00e1laga Food Guide - First for M\u00e1laga Food & Lifestyle News. Launched in 2014 The M\u00e1laga Food Guide continues to be the Leading Gourmet's Guide celebrating the vibrant and eclectic food & lifestyle scene in M\u00e1laga Province.","og_url":"https:\/\/themalagafoodguide.com\/index.php\/about-us-2026\/","og_site_name":"themalagafoodguide.com","article_publisher":"https:\/\/www.facebook.com\/MalagaFoodGuide","article_modified_time":"2026-03-26T15:26:02+00:00","og_image":[{"width":300,"height":103,"url":"https:\/\/themalagafoodguide.com\/wp-content\/uploads\/2024\/01\/cropped-MFG3.png","type":"image\/png"}],"twitter_card":"summary_large_image","twitter_site":"@malagafoodguide","twitter_misc":{"Estimated reading time":"2 minutes"},"schema":{"@context":"https:\/\/schema.org","@graph":[{"@type":"WebPage","@id":"https:\/\/themalagafoodguide.com\/index.php\/about-us-2026\/","url":"https:\/\/themalagafoodguide.com\/index.php\/about-us-2026\/","name":"About Us 2026 - themalagafoodguide.com","isPartOf":{"@id":"https:\/\/themalagafoodguide.com\/#website"},"primaryImageOfPage":{"@id":"https:\/\/themalagafoodguide.com\/index.php\/about-us-2026\/#primaryimage"},"image":{"@id":"https:\/\/themalagafoodguide.com\/index.php\/about-us-2026\/#primaryimage"},"thumbnailUrl":"https:\/\/themalagafoodguide.com\/wp-content\/uploads\/2024\/01\/cropped-MFG3.png","datePublished":"2026-01-06T12:02:36+00:00","dateModified":"2026-03-26T15:26:02+00:00","description":"The M\u00e1laga Food Guide - First for M\u00e1laga Food & Lifestyle News. Launched in 2014 The M\u00e1laga Food Guide continues to be the Leading Gourmet's Guide celebrating the vibrant and eclectic food & lifestyle scene in M\u00e1laga Province.","breadcrumb":{"@id":"https:\/\/themalagafoodguide.com\/index.php\/about-us-2026\/#breadcrumb"},"inLanguage":"en-GB","potentialAction":[{"@type":"ReadAction","target":["https:\/\/themalagafoodguide.com\/index.php\/about-us-2026\/"]}]},{"@type":"ImageObject","inLanguage":"en-GB","@id":"https:\/\/themalagafoodguide.com\/index.php\/about-us-2026\/#primaryimage","url":"https:\/\/themalagafoodguide.com\/wp-content\/uploads\/2024\/01\/cropped-MFG3.png","contentUrl":"https:\/\/themalagafoodguide.com\/wp-content\/uploads\/2024\/01\/cropped-MFG3.png","width":300,"height":103},{"@type":"BreadcrumbList","@id":"https:\/\/themalagafoodguide.com\/index.php\/about-us-2026\/#breadcrumb","itemListElement":[{"@type":"ListItem","position":1,"name":"Home","item":"https:\/\/themalagafoodguide.com\/"},{"@type":"ListItem","position":2,"name":"About Us 2026"}]},{"@type":"WebSite","@id":"https:\/\/themalagafoodguide.com\/#website","url":"https:\/\/themalagafoodguide.com\/","name":"themalagafoodguide.com","description":"First for M\u00e1laga Food News ...","publisher":{"@id":"https:\/\/themalagafoodguide.com\/#organization"},"potentialAction":[{"@type":"SearchAction","target":{"@type":"EntryPoint","urlTemplate":"https:\/\/themalagafoodguide.com\/?s={search_term_string}"},"query-input":{"@type":"PropertyValueSpecification","valueRequired":true,"valueName":"search_term_string"}}],"inLanguage":"en-GB"},{"@type":"Organization","@id":"https:\/\/themalagafoodguide.com\/#organization","name":"Argus IIS","alternateName":"iXlabs","url":"https:\/\/themalagafoodguide.com\/","logo":{"@type":"ImageObject","inLanguage":"en-GB","@id":"https:\/\/themalagafoodguide.com\/#\/schema\/logo\/image\/","url":"https:\/\/themalagafoodguide.com\/wp-content\/uploads\/2023\/10\/MFG_Favicon_Blue.png","contentUrl":"https:\/\/themalagafoodguide.com\/wp-content\/uploads\/2023\/10\/MFG_Favicon_Blue.png","width":225,"height":225,"caption":"Argus IIS"},"image":{"@id":"https:\/\/themalagafoodguide.com\/#\/schema\/logo\/image\/"},"sameAs":["https:\/\/www.facebook.com\/MalagaFoodGuide","https:\/\/x.com\/malagafoodguide","https:\/\/www.instagram.com\/malagafoodguide2023\/"]}]}},"_links":{"self":[{"href":"https:\/\/themalagafoodguide.com\/index.php\/wp-json\/wp\/v2\/pages\/138","targetHints":{"allow":["GET"]}}],"collection":[{"href":"https:\/\/themalagafoodguide.com\/index.php\/wp-json\/wp\/v2\/pages"}],"about":[{"href":"https:\/\/themalagafoodguide.com\/index.php\/wp-json\/wp\/v2\/types\/page"}],"author":[{"embeddable":true,"href":"https:\/\/themalagafoodguide.com\/index.php\/wp-json\/wp\/v2\/users\/1"}],"replies":[{"embeddable":true,"href":"https:\/\/themalagafoodguide.com\/index.php\/wp-json\/wp\/v2\/comments?post=138"}],"version-history":[{"count":35,"href":"https:\/\/themalagafoodguide.com\/index.php\/wp-json\/wp\/v2\/pages\/138\/revisions"}],"predecessor-version":[{"id":4043,"href":"https:\/\/themalagafoodguide.com\/index.php\/wp-json\/wp\/v2\/pages\/138\/revisions\/4043"}],"wp:attachment":[{"href":"https:\/\/themalagafoodguide.com\/index.php\/wp-json\/wp\/v2\/media?parent=138"}],"curies":[{"name":"wp","href":"https:\/\/api.w.org\/{rel}","templated":true}]}}